5 - 3 = z*f. Suppose -u = f*i - 36, i - u - 8 = -0*i. What is the units digit of i?
1
Suppose -4*n = 2*u + 202, u - 196 = 4*n + 5*u. Suppose 239 = 3*y + 4*i + i, -5*y - 4*i + 381 = 0. Let z = n + y. What is the units digit of z?
1
What is the tens digit of (3 - 4)/((-3)/102)?
3
Suppose -h - h = -6. Suppose 4*p + y = -h - 12, 4*y = p + 8. What is the units digit of (-142)/p + (-11)/(-22)?
6
Suppose 2*y + c = 393, c = -2*c - 9. What is the tens digit of y?
9
Let c = 1656 - 1416. What is the tens digit of c?
4
Let u = -98 - -888. Suppose 28*h - 33*h + u = 0. What is the tens digit of h?
5
Suppose 4120 = -70*b + 74*b. What is the units digit of b?
0
Let v be (-1)/(-2 - (-42)/22). Suppose 0 = 5*a + 4*j - 17, -a + j + 4 - 6 = 0. Suppose a - v = -i. What is the units digit of i?
0
Suppose -4*h - 66 = 122. Let g be (-2)/(2/h - 0). Suppose -z + 4*u = 2*z - g, 2*z - u = 33. What is the units digit of z?
7
Let f be ((-40)/(-15))/(-4)*-3*2. What is the units digit of -1*4*3/f - -5?
2
Suppose 7*b + 0*b = 0. Suppose v - 4 = q - b, -v - 2 = -3*q. Let s = 9 - v. What is the units digit of s?
2
Suppose -17 = 3*u - 50. Let t(g) = -g**2 + 18*g + 6. What is the units digit of t(u)?
3
Let n(o) = -2*o + 6. Let m be n(3). Suppose m = -4*t + 517 - 149. What is the units digit of t?
2
Suppose -3*i - 10 = -5*t, 0*i = 2*i - 10. Suppose t*q - 28 + 3 = 0. Suppose -4*w = -2*y - 2*w + 16, q*y - 36 = w. What is the units digit of y?
7
Let b(i) = -i**3 - 6*i**2 - 9*i - 9. Let z be b(-6). Suppose 0*a + r - 163 = -3*a, -r + 107 = 2*a. What is the units digit of 18/z + a/10?
6
Suppose -6*u - 9*u = -15. What is the tens digit of 3 - u - (-62 - -3)?
6
Suppose -21*l + 2754 = -18*l. What is the tens digit of l?
1
Suppose -5398 = -7*t - 5489. Let g(v) = -5*v - 3. Let s(d) = -4*d - 4. Let f(n) = 5*g(n) - 6*s(n). What is the tens digit of f(t)?
2
Suppose -5*v + 4*p = -369, -7*v + 368 = -2*v - 3*p. What is the units digit of v?
3
Let a(j) = -5*j**3 + 3*j**2 + 3*j + 1. Let k be a(-1). Suppose 0 = -11*u + k*u + 40. What is the units digit of u?
8
Let c be (-1)/((-5)/20) - -58. Let j = c + -33. Suppose 144 = j*z - 27*z. What is the units digit of z?
2
Let c(q) = q**3 - 4*q**2 - 9*q + 2. Suppose 0 = -4*x + 4*y + 4, -y - 1 = x - 12. What is the units digit of c(x)?
0
Let j(d) = -d**3 - 6*d**2 - 6*d + 3. Let f be j(-5). Let l be 4/4 - (-4)/(-2)*-1. Suppose f*q = l*q + 45. What is the units digit of q?
9
Suppose 5*x - 5*k = -k + 1495, -1175 = -4*x - k. Let t = x + -149. What is the hundreds digit of t?
1
Suppose -1 = -3*g + 17. What is the tens digit of 848/6 + -7*g/(-63)?
4
Let a be (3/6)/((-4)/(-32)). Suppose 5*c + 3*w = -2, 0 = -5*c + a*w - 0*w + 26. Suppose 0*s = -c*s + 84. What is the units digit of s?
2
What is the hundreds digit of -1 + -4 + 7 + 193?
1
What is the hundreds digit of 651 + (60/(-4))/(-3)?
6
Let d(o) = -6*o + 2. Suppose -41 = 4*a + 3. Let v = a + 8. What is the units digit of d(v)?
0
Let f = 18 - 12. Let w = -6 + f. Suppose 0*y - 3*y - 15 = w, 0 = -4*g - y + 43. What is the tens digit of g?
1
Let f be 28*(-4)/(-12)*3/2. Suppose 0 = -0*s + 3*s - 3*j, 2*s + 5*j = f. What is the units digit of s?
2
Let f(w) = -5*w**3 + 1. Let t be f(-1). Let r = t - 14. What is the units digit of (-302)/(-8) + 6/r?
7
Let n be 12/(-2)*9/(-18). Let k = -27 - -25. What is the units digit of (n/k)/(3/(-58))?
9
Let h(i) = 3*i**3 + 71*i**2 + 8*i - 23. What is the tens digit of h(-23)?
5
Suppose -4*h + 709 = 453. What is the tens digit of h?
6
Let m(u) = 4*u - 33. Let h be (33/2)/(-3)*-2. What is the tens digit of m(h)?
1
Suppose -4*l + d - 2 - 5 = 0, -3*d - 6 = -3*l. What is the tens digit of l/5*(-71 - 4)?
4
Suppose 2*j - 542 = j + 4*k, 4*k = 3*j - 1650. Suppose -w + 3*w - j = 0. What is the units digit of w?
7
What is the tens digit of 1/(5 + (1 - 48522/8088))?
4
Suppose -65*m = -4*m - 124562. What is the tens digit of m?
4
Suppose 3*k + 0*k = -5*r + 3783, -k = -5*r + 3799. What is the hundreds digit of r?
7
Let i = -106 - -106. Let n(d) = -d**3 - 2*d**2 - d + 27. What is the tens digit of n(i)?
2
Let b = -138 - -198. Suppose -b = -4*q - 0*q. What is the units digit of q?
5
Suppose -4*p - 742 = -o - 299, 0 = o - 3*p - 445. What is the tens digit of o?
5
Suppose -5*u + 2*u = -219. Let a(f) = 2*f**2 - 11*f + 63. Let o be a(8). Let j = o - u. What is the units digit of j?
0
What is the units digit of (0 - 1) + ((-13734)/(-9) - 9)?
6
Suppose 677*l - 676*l - 615 = 0. What is the hundreds digit of l?
6
Let k(z) = 15*z + 15. Let y be k(10). Suppose -y - 109 = -2*g. What is the tens digit of g?
3
Let f be (5 + -2)/(-3) + 3. Suppose -z - 4 = -f*z. Suppose 5*x - 13 = z*s, -2*x - 4*s = 3*x - 37. What is the units digit of x?
5
Let k(v) = 35*v + 5. Let l be k(1). What is the units digit of ((-16)/l)/(4/(-180))?
8
Let k(j) = -2*j**3 - 3*j**2 + 2*j. Let c be k(-5). Suppose -3*l - 2*b = -175, 5*l - 2*l - 3*b - c = 0. What is the units digit of l?
7
Let l(j) = 166 + 3*j - 164 + 13*j + 2*j**2. What is the units digit of l(-13)?
2
Let i be (-2073)/(-21) + ((-12)/(-21))/2. Suppose 594 + i = 7*z. What is the units digit of z?
9
Let c be ((-7)/3)/((-8)/24). What is the units digit of c*1*(1 + 1 - 1)?
7
What is the tens digit of ((-1)/((-4)/(-6)))/((-24)/2768)?
7
Suppose -2*q + 7 = -29. Suppose -20*l = -q*l + 26. Let m = l - -26. What is the units digit of m?
3
Suppose 5*p - p = 0. Suppose p = 13*m - 18*m + 275. What is the tens digit of m?
5
Let z(l) = 17*l**2 - 7*l + 1. What is the hundreds digit of z(-5)?
4
Let a(i) = 168*i + 772. What is the hundreds digit of a(8)?
1
Let x be ((-6)/4)/(-5 + 44/8). Let j(q) = -5*q**3 - 2*q**2 - q - 10. What is the hundreds digit of j(x)?
1
Let r(s) = s**2 - 14*s + 4. Let b be r(14). Suppose 0 = 3*g - 3*u - 12, 0*u + b = 2*u. What is the units digit of g?
6
Let h(s) = 3*s**3 + 4*s + s**2 - s**3 + 14*s**2 + 3*s**2 - 7. What is the tens digit of h(-8)?
8
What is the units digit of 1656/(-10)*50/(-15)?
2
Suppose 5*c + 1055 = 4*k + k, -196 = -k + 4*c. What is the tens digit of k?
1
Suppose 4*f - 4*w + 7 = -1, -4*f + w = 2. Let h(c) = c**2 - c - 4. Let a be h(f). Let q(s) = s**3 + 4*s**2 - 4*s + 5. What is the units digit of q(a)?
1
Suppose -4*t + 10 = -5*m, -t - 2*m - 4 = t. Suppose c + 854 = 5*f, t*c = 4*f - 2*c - 688. What is the tens digit of f?
7
Let x = -65 + -5. Let c = 143 + x. What is the units digit of c?
3
Suppose -9 = p + s, 5*p + 3*s + 39 = s. Let v(l) = -l**2 - 7*l + 3. Let o be v(p). Suppose -23 = -q + 4*k, -4*k + 25 = o*q - 44. What is the tens digit of q?
2
What is the tens digit of (-3)/(-6) - 52325/(-50)?
4
Let v(i) = 10*i + 21. What is the units digit of v(19)?
1
Let d(q) = -q**2 - 5*q - 4. Let g = -10 - -6. Let o be d(g). Suppose o*l - n = 4*l - 69, -39 = -2*l - 5*n. What is the tens digit of l?
1
Suppose -5*z + 4980 = -0*z. Suppose 0*m = 12*m - z. What is the tens digit of m?
8
Let o(d) = d**3 - 11*d**2 - 15*d - 12. Let x be o(12). Let u = x - -96. Suppose 5*r - 2*r = u. What is the tens digit of r?
1
Let l = 15526 - 10012. What is the tens digit of l?
1
Suppose -5*p + 4*h + 1123 = 0, -10 = 3*h + 2*h. What is the units digit of p?
3
Let r = -135 + 135. Suppose r*n - 5*n + 1125 = 0. What is the hundreds digit of n?
2
Suppose 14*r + 196 = 7*r. What is the tens digit of (-2)/7 - 1436/r?
5
Let t(c) = -5*c + 49. Let b(g) = 6*g - 49. Let j(x) = 4*b(x) + 3*t(x). What is the units digit of j(10)?
1
Let o = -17 - -7. Let v be 43/15 - o/75. Let b(l) = 8*l - 3. What is the tens digit of b(v)?
2
Suppose -4*i + t - 377 = -3181, -3*i - 2*t = -2103. What is the tens digit of i?
0
Suppose 25*h - 3*p = 24*h + 499, 4*p - 1038 = -2*h. What is the units digit of h?
1
What is the tens digit of -5 - (6 - 7)*(-1 - -540)?
3
Let s(v) = -v**3 + 10*v**2 - 11*v + 28. Let h = 151 - 142. What is the tens digit of s(h)?
1
What is the tens digit of ((-723)/12 + 2)/(24/(-96))?
3
Suppose -3*g + 11 = 4*o - 0*o, 3*g - 3*o = 39. Suppose 7*f - g*f = -264. Suppose -m - 3*w = 2*m - f, -5*w = 2*m - 103. What is the units digit of m?
9
Suppose 20 = 3*z + 2*z, 5*w + 2*z = 108. Suppose -u + 16 = -l + 6*l, 5*u + w = 0. What is the units digit of l?
4
Let f = 91 - 62. Let w = -23 + f. What is the units digit of w?
6
Let u = 487 + 684. What is the hundreds digit of u?
1
Let l(t) = t + 7*t + 4*t. Let c(u) = 